23?
288008
In base 7, what is -6 - -3620240?
3620231
In base 5, what is 10104342411 + -2?
10104342404
In base 11, what is 1 + 958966?
958967
In base 13, what is 1 - -199423?
199424
In base 5, what is 4134234 - -31?
4134320
In base 6, what is 1 - 13533140?
-13533135
In base 14, what is 141d70 + -d?
141d61
In base 4, what is 22010331 + -12301?
21332030
In base 16, what is 32 + cf833?
cf865
In base 2, what is 11100101000110100000101000 + 101?
11100101000110100000101101
In base 9, what is 732722 + -38?
732673
In base 15, what is -1bbb49ec - -5?
-1bbb49e7
In base 12, what is 716963 + 8?
71696b
In base 9, what is 1773 + -36040?
-34156
In base 11, what is 78579 - -8657?
86125
In base 5, what is -3 + -1230140014?
-1230140022
In base 14, what is -1092c - -251?
-106bb
In base 9, what is -622 - 33164?
-33786
In base 13, what is 14539 - -88?
145c4
In base 7, what is -2435 + -13354664?
-13360432
In base 16, what is -4c4bd7c + 0?
-4c4bd7c
In base 5, what is -1130232 - 31?
-1130313
In base 5, what is -1141310410 - 1023?
-1141311433
In base 10, what is -6 - 2232740?
-2232746
In base 7, what is 1021 - -2543611?
2544632
In base 13, what is 8499c2 - 94?
84992b
In base 4, what is -211112320330 + -22?
-211112321012
In base 13, what is -38c + 4c95?
4906
In base 16, what is -44 - -db1c?
dad8
In base 4, what is -332322 - -33302?
-233020
In base 14, what is 17c - -12735?
128b3
In base 7, what is 30441501111 + 2?
30441501113
In base 2, what is -1000011 + -10101101?
-11110000
In base 5, what is -2434 - 12231211?
-12234200
In base 5, what is 1 - -414442000?
414442001
In base 13, what is 35cbc9 + 0?
35cbc9
In base 16, what is 11c19 + -189?
11a90
In base 14, what is 37b256 - 79?
37b1bb
In base 12, what is 2 + -53149231?
-5314922b
In base 14, what is -b54 - -8a1b?
7ca7
In base 13, what is -119 + -135044?
-135160
In base 12, what is 22 + -87366?
-87344
In base 5, what is -12233 - 23040340?
-23103123
In base 12, what is -5 - 1220593?
-1220598
In base 16, what is -26c1c - -1c?
-26c00
In base 4, what is -12 - 32022212?
-32022230
In base 12, what is 27901 + -744?
27179
In base 4, what is 201 - 1310113300013?
-1310113233212
In base 4, what is 1103221331 - 133032?
1103022233
In base 15, what is -7 - -b3bb30?
b3bb28
In base 5, what is 113140 + 40404?
204044
In base 7, what is 23503523 - -32?
23503555
In base 16, what is b486e - -f?
b487d
In base 14, what is 214cca + 5?
214cd1
In base 8, what is -33 - 16562443?
-16562476
In base 8, what is -253676572 + 1?
-253676571
In base 8, what is 3 - -26006037?
26006042
In base 11, what is 2aaa9 - -5670?
35669
In base 4, what is 3002303110 + -10030?
3002233020
In base 8, what is 60156 - 5516?
52440
In base 9, what is 676854 - -4?
676858
In base 9, what is 516 - -13122?
13638
In base 11, what is -155a67 + -221?
-156188
In base 3, what is -10012 + -1202011211?
-1202022000
In base 9, what is 3 + -55006688?
-55006685
In base 4, what is 3132123 - 12112012?
-2313223
In base 7, what is -13024512 - 13?
-13024525
In base 14, what is -2c9341 + -3?
-2c9344
In base 12, what is 11772 + -6271?
7501
In base 9, what is -271 - -4035315?
4035034
In base 15, what is -25e236 - -1?
-25e235
In base 15, what is 126 - 4572c?
-45606
In base 6, what is -324052450 + -4?
-324052454
In base 9, what is -23587 - 5305?
-30003
In base 2, what is 1010110110101 + -100111100110110011?
-100110001111111110
In base 5, what is 40244243132 + 22?
40244243204
In base 8, what is -2240 + -23701?
-26141
In base 12, what is 7446 - 43b?
7007
In base 11, what is -833 - -9647?
8914
In base 6, what is -2540542 + -25?
-2541011
In base 12, what is 66 + -2068b25?
-2068a7b
In base 9, what is -6 + 15540265?
15540258
In base 9, what is 73 + 1011260?
1011343
In base 13, what is -1577249a - 2?
-1577249c
In base 15, what is -b + -260cd65?
-260cd71
In base 11, what is -174895961 + 2?
-17489595a
In base 10, what is -120913 - -65?
-120848
In base 10, what is -941 - -2?
-939
In base 15, what is -8 + -7e594e?
-7e5957
In base 5, what is 310443 - 1132?
304311
In base 9, what is 1320505 + -2?
1320503
In base 9, what is 80767008 + 4?
80767013
In base 9, what is -4 - -18421616?
18421612
In base 4, what is 20313010 - -1032?
20320102
In base 16, what is -3 - -19911b2?
19911af
In base 14, what is -3 + -78a554?
-78a557
In base 16, what is -62f10 + -7?
-62f17
In base 3, what is 12111 + 201101100102102?
201101100121220
In base 9, what is -3 + 24642343?
24642340
In base 15, what is -b1b96 + 1c?
-b1b79
In base 2, what is -100111010101101101 + 10101101?
-100111010011000000
In base 2, what is 1000 + -101011001001110111111100?
-101011001001110111110100
In base 14, what is 1837b - 20?
1835b
In base 4, what is -10 - 20132012232?
-20132012302
In base 11, what is -32a55a5a + 5?
-32a55a55
In base 6, what is -512335110 + -2?
-512335112
In base 15, what is -29 - 6a4a8?
-6a4d2
In base 8, what is 13241 + -26421?
-13160
In base 10, what is -43109 - -309?
-42800
In base 5, what is -212440444 - 233?
-212441232
In base 6, what is -1215001424 - 1?
-1215001425
In base 7, what is -3551 + -36341?
-43222
In base 8, what is 34745 - -3015?
37762
In base 12, what is 5 + 22560b0?
22560b5
In base 13, what is -36313 - -33?
-362b0
In base 11, what is -168 + 608618?
608460
In base 12, what is -1757a33a + -1?
-1757a33b
In base 3, what is 12121 + -100012220222?
-100012201101
In base 5, what is 304430144 + 20?
304430214
In base 7, what is 4332612 - 163?
4332416
In base 7, what is 3362322 + -2246?
3360043
In base 9, what is 2557 - -4188?
6756
In base 2, what is -110110 - -10010110000110110011?
10010110000101111101
In base 6, what is -2513234 - -1135?
-2512055
In base 7, what is 1404425 + 553?
1405311
In base 5, what is -33012320 - -134?
-33012131
In base 16, what is 7c8 + 6df?
ea7
In base 5, what is 11 - 2312021304?
-2312021243
In base 12, what is 4 + -b759714?
-b759710
In base 4, what is -120303202221 - -30?
-120303202131
In base 13, what is -32 - 101129?
-10115b
In base 13, what is 77 + -15b81?
-15b07
In base 2, what is -101111 - 100100010110011000111101?
-100100010110011001101100
In base 16, what is -9 + -2785c9?
-2785d2
In base 9, what is -520 - -113328?
112708
In base 8, what is 15407640 - -17?
15407657
In base 11, what is 100 - 127022?
-126a22
In base 10, what is -26932839 - -28?
-26932811
In base 2, what is -100010100010 - -111110110111011000?
111110010100110110
In base 7, what is 642006 + -203?
641503
In base 11, what is -17 - 100451?
-100468
In base 4, what is -11 - 30200133212?
-30200133223
In base 9, what is -12180 - 6325?
-18515
In base 10, what is 5 - -15289553?
15289558
In base 7, what is -122 + -66631062?
-66631214
In base 4, what is -21131121200 - -1230?
-21131113310
In base 12, what is 5 - 2665647?
-2665642
In base 15, what is -813c64 - 4?
-813c68
In base 11, what is 10338a38 + 9?
10338a46
In base 8, what is 57 + -276027?
-275750
In base 15, what is -2126056 - 8?
-212605e
In base 5, what is -103423 + 1002220?
343242
In base 11, what is -2aa080 - 37?
-2aa107
In base 10, what is 146420564 + -5?
146420559
In base 12, what is a8 + 158052a?
1580616
In base 9, what is -30728244 + 28?
-30728215
In base 13, what is 4 + 34c40c?
34c413
In base 12, what is 39a54b4 + -77?
39a5439
In base 2, what is 101 - 1101001001011110001110110?
-1101001001011110001110001
In base 14, what is 19db8 + 2c47?
1cc21
In base 11, what is -2656726 + -24?
-265674a
In base 3, what is 1100001002002011102 - 0?
1100001002002011102
In base 10, what is 255 + 3699482?
3699737
In base 12, what is -499360 - 217?
-499577
In base 13, what is -104694b9 - 1?
-104694ba
In base 2, what is 111010111110001 + 10?
111010111110011
In base 14, what is 4 - a5981?
-a597b
In base 3, what is 10012 + 200000010122?
200000020211
In base 5, what is 32032002000 + 4?
32032002004
In base 8, what is 263 - 516313?
-516030
In base 3, what is -12022122 + -10021011200?
-10110111022
In base 10, what is -4 + -46182212?
-46182216
In base 12, what is -3 - 5984483?
-5984486
In base 10, what is -2 + 8762921?
8762919
In base 3, what is -2201111202 + -21110?
-2201210012
In base 15, what is 12ae260 + 66?
12ae2c6
In base 14, what is 70a + 1707?
2013
In base 15, what is 3 + -341921?
-34191d
In base 5, what is 13 + -321332220?
-321332202
In base 2, what is 101110 + -101111011010001001000?
-101111011010000011010
In 